h and o?
11
Suppose 6*k + 3*k - 792 = 0. What is the highest common divisor of 132 and k?
44
Let a = -4568 + 4588. Let w(o) = 11*o - 2. Let t be w(2). What is the highest common factor of t and a?
20
Let x = 476 - 468. Calculate the highest common divisor of x and 344.
8
Let z be 24/4 - (-3)/(-1). Let p be -3 + (68/3 + -3)*z. What is the highest common divisor of p and 28?
28
Let l = -10 + 33. Let s = -126 + 287. Calculate the greatest common divisor of s and l.
23
Suppose 0 = 4*i - f - 35, 5*i + 19*f - 15*f = 28. Calculate the greatest common factor of i and 328.
8
Let y be 5 - (-84)/(-15) - (-6092)/20. What is the highest common divisor of y and 76?
76
Let p(g) = -37*g - 18. Let y be p(-23). Calculate the greatest common factor of 17 and y.
17
Suppose 0 = -24*r + 29*r - 275. What is the greatest common factor of 44 and r?
11
Let i = 9 - 6. Suppose -45 = 2*y + 87. Let t = y - -68. What is the highest common factor of i and t?
1
Suppose 4 = -4*t + 3*x + 7, -5*t - 5*x - 5 = 0. Suppose t*u - 5*u - 160 = -4*y, y - 27 = -2*u. Calculate the highest common factor of 7 and y.
7
Let x be -1*(2 - 2)*(-5)/(-10). Suppose i + 5*u - 55 = x, -3*u + 9 = i - 40. Calculate the highest common factor of 20 and i.
20
Let j(o) = o**2 + 7*o - 9. Let d be j(-8). Let w be 6*(1 - (1 + d)). Let u be 4/w*(0 - -60). Calculate the highest common divisor of 5 and u.
5
Suppose 2*r - 4*i + 88 = -8, 0 = -i + 2. Let z be -1*2*(-67)/2. Let j = z + r. What is the highest common divisor of 184 and j?
23
Let d(q) = -q + 8. Let l be d(-14). Let w = 63 - l. Calculate the highest common divisor of 287 and w.
41
Suppose 5*d + 75 = -n + 326, 0 = -4*d - 4*n + 204. Let t be (4 + 0)/((-903)/(-300) + -3). What is the highest common factor of t and d?
50
Suppose 0 = 2*c + 5*s - 49, 4 = -s - 3*s. Calculate the highest common factor of c and 432.
27
Suppose 8*q = 3*q + 15. Suppose -33 = -3*h + q. Suppose 2*y - 4*m - 168 = 0, -2*y - 420 = -7*y - 4*m. Calculate the highest common divisor of h and y.
12
Suppose -3*i + 3*a - 39 = -0, -3*a = 2*i + 31. Let o be 7/i - 45/(-6). Calculate the highest common divisor of o and 56.
7
Let w = -843 + 1233. What is the highest common factor of 65 and w?
65
Let v be (228/(-8))/((-2)/12). Suppose 116 = 10*j - 74. Calculate the greatest common divisor of j and v.
19
Let m(o) = -o**2 + 19*o + 10. Let g be m(15). Calculate the greatest common divisor of 30 and g.
10
Suppose -18*j + 266 = -3460. What is the highest common divisor of j and 115?
23
Suppose 0 = 3*m - 0*m - 3. Let h be -50*(10/(-4) - m). Suppose -5*t + 25 = -h. Calculate the highest common factor of t and 16.
8
Suppose -2*s + 105 = 97. What is the highest common factor of s and 128?
4
Let r be ((-4)/3)/(3/(-54)). Suppose -31*g + 7*g + 72 = 0. What is the greatest common factor of g and r?
3
Let i = 15 - 10. Suppose -7 = n - 2*y - y, 5*n + 5*y = 45. Suppose 43 = n*s - 57. What is the greatest common factor of i and s?
5
Let w(r) = 9*r - 20. Let q be w(15). What is the highest common divisor of q and 69?
23
Let z = 4 - -180. Suppose -z = 4*a - 520. Calculate the highest common divisor of a and 21.
21
Let h = -1341 - -1353. What is the highest common factor of 66 and h?
6
Let q be 2/8*-7*-4. Suppose 593 = -f + 595. Calculate the greatest common factor of q and f.
1
Suppose 2*d + 44 = 48. Suppose 0 = -2*y - d*r + 310, -5*y + 3*r + 90 = -661. What is the highest common factor of y and 19?
19
Let k(z) = -z**2 + 7*z - 17. Let l be k(9). Let h = l - -41. Suppose 3*d - d - 9 = -v, -5*d = -5*v. Calculate the highest common divisor of h and v.
3
Let h = 2431 - 2399. What is the highest common factor of h and 208?
16
Let k(x) be the second derivative of x**4/6 - x**3/3 - x. Let b be k(2). Suppose q - b + 3 = 0. Calculate the highest common divisor of 4 and q.
1
Let r = 92 + -86. Let b be (-648)/(-20) - r/15. What is the highest common divisor of b and 224?
32
Suppose 447 = -5*k + d, -5*k + d = -4*k + 87. Let m be (k/(-25))/((-3)/10). Let l = 21 + m. What is the highest common divisor of 6 and l?
3
Let x be 9*4/12*-5. Let s be (x - -11) + 1*19. Calculate the highest common divisor of s and 165.
15
Let b(j) = j**2 - 5*j + 15. Suppose -26 = -0*v - 3*v - 4*a, -4*v + a + 22 = 0. Let p be b(v). Let i = 5 + 16. What is the highest common factor of i and p?
21
Suppose 43 - 163 = -12*s. Suppose 0 = -4*f - 4*r - 20, -3*f = -4*r - 12 - 8. Suppose -4*y + 7*y - 270 = f. What is the greatest common factor of s and y?
10
Let q(a) = 6*a - 9. Let y be q(3). Let n be y*(-4 + (-92)/(-6)). What is the highest common divisor of n and 153?
51
Let p(n) = 5*n**3 + 2*n**2 - 1. Let s be p(1). Suppose -15*f + 9*f + 354 = 0. Let j = -53 + f. What is the highest common factor of s and j?
6
Let t(z) = 115*z - 14. Let g be t(7). What is the greatest common factor of g and 7?
7
Suppose -33*t - 34 = -j - 36*t, 36 = 2*j - 2*t. Calculate the highest common factor of j and 660.
22
Let i be ((-1 - -6) + 6)*546/143. Let h = 7 - 3. Let q = 10 - h. Calculate the greatest common divisor of q and i.
6
Let x(v) be the first derivative of -4*v**2 + 6*v**2 - 3*v**2 - 4*v - 10*v - 5. Let q be x(-12). What is the greatest common divisor of 15 and q?
5
Let d(t) = -t**2 + 34*t + 147. Let l be d(0). Calculate the greatest common divisor of 539 and l.
49
Let t(n) = n**3 + 59*n**2 + 111*n - 150. Let k be t(-57). What is the highest common factor of k and 175?
7
Let h(p) = -426*p - 50. Let a be h(-1). Calculate the greatest common divisor of a and 16.
8
Let b be (77/(-14))/((5/6)/(-5)). Let k be ((-3)/(-1))/(-3) + 6. Suppose 5*o = 4*l + 114, k*l = 3*o + 4*l - 67. Calculate the greatest common factor of b and o.
11
Suppose -2*i + 4 = -8. Let f be (-4)/i*(-21)/2. Let g be 306/7 + 2/f. Calculate the highest common factor of 11 and g.
11
Suppose -975*p = -968*p - 35. What is the greatest common divisor of 27 and p?
1
Let k be 7/(168/18) - (-807)/12. Calculate the highest common divisor of 527 and k.
17
Let d(g) = -g**3 - 14*g**2 + 3. Let f be d(-14). Suppose 274 = 5*s + 3*n - 5*n, 0 = -f*s + 5*n + 172. Calculate the greatest common divisor of s and 6.
6
Let h = -13 + 15. Let o be 1/(1/h) - -5. Suppose -50 - 62 = -o*v. What is the greatest common divisor of 24 and v?
8
Let w(p) = -p**2 - 8*p + 3. Let x be w(-8). Let t = 12 - 2. Suppose 95 = 5*i + 4*s, 0*i = 2*i - 4*s - t. Calculate the highest common divisor of i and x.
3
Suppose -2*o + 3*v = -5*o + 1554, 0 = o - 2*v - 524. Suppose -2*i - 3*i = -o. Let h = 26220 + -26207. Calculate the greatest common factor of i and h.
13
Let u be 3/1 + -3 - -4. Let z be (18/u)/(30/80). Let x be (12/(-10))/(3/(-15)). What is the highest common factor of x and z?
6
Suppose 2*d - 28 = -3*r + 149, 425 = 5*d + 4*r. Suppose 20*t = -142 + 682. Calculate the greatest common factor of t and d.
27
Let c = -421 + 429. Suppose 3*z = 6*z - 12. What is the highest common factor of c and z?
4
Let k(p) be the third derivative of p**4/2 + p**3 - p**2. Let z be k(5). What is the highest common divisor of z and 6?
6
Let o = -471 + 497. Let l be -1*1/(3/(-390)). What is the highest common factor of o and l?
26
Let g be -1 + -1 + (292 - 2). Calculate the greatest common factor of 64 and g.
32
Let z(v) = -9*v - 28. Let y be z(-8). Calculate the greatest common divisor of 209 and y.
11
Let p(r) = 2*r**2 - 52. Let c be p(6). Calculate the highest common divisor of c and 200.
20
Suppose -1404 = 4*n + 2*o, 1424 = -4*n - 0*n + 3*o. Let d = -134 - n. Let g = d - 144. Calculate the highest common divisor of g and 50.
25
Suppose -3*q - t + 209 = 0, -5*t - 375 = -5*q - 0*t. Suppose 2*m + m = 3, -5*n + 4*m + q = 0. What is the greatest common divisor of 60 and n?
15
Let i be 168 + -74 + (6 - (-1)/(-1)). What is the highest common divisor of 165 and i?
33
Let j be 262/10 + (-2)/10. Let v(k) = k**3 + 3*k**2 - k - 3. Let w be v(-3). Suppose -5*g + 0*g + 195 = w. What is the greatest common factor of j and g?
13
Suppose -4*d = 5*r - 19 - 302, -4*d - 3*r + 327 = 0. Calculate the highest common factor of d and 322.
14
Let u be -15*1/((-2)/(-6)). Let b = u + 66. What is the highest common factor of b and 168?
21
Let b be 4/(-4)*(-2 - 0). Suppose 2*o - 16 = -b*o. Let q be -1 - -50 - (o + -3). Calculate the greatest common divisor of q and 32.
16
Let c(r) = r**3 - 2*r**